d is divided by 16?
8
Suppose 388*b - 378*b - 1740 = 0. What is the remainder when 722 is divided by b?
26
Suppose 4*u = 4*a - u - 253, -a = 4*u - 58. Suppose 71*o + 3*m - 108 = 69*o, 0 = 4*o - 3*m - 126. Calculate the remainder when a is divided by o.
23
What is the remainder when (114/18*-8)/((-10)/30) is divided by 70?
12
Suppose -4*z + 393 = -2*i + 7*i, 0 = 5*i + 15. Suppose -3*l - 92 = -m, 40*l + 500 = 5*m + 35*l. What is the remainder when m is divided by z?
2
Suppose -57*d + 10*d + 55133 = -181512. What is the remainder when d is divided by 10?
5
What is the remainder when (1 - (-4)/16) + (2751138/24)/9 is divided by 28?
26
Suppose s = -7*s - 0*s. Suppose -y + 5*y - 16 = s. Suppose 0 = y*x - 17*x + 1144. Calculate the remainder when x is divided by 23.
19
Suppose -10*m + 36 - 26 = 0, 3*y - 5*m = 13597. Calculate the remainder when y is divided by 126.
124
Let n be (0 + -4 + 4)/(-1). Let b be (n - (-3)/(-5)) + 306/10. Suppose -4*h + b = -78. Calculate the remainder when 52 is divided by h.
25
Suppose 14*i + 94*i + 38*i = 28324. What is the remainder when 758 is divided by i?
176
Suppose -9*n + 8*n + 62 = 0. Let o = n + 32. Suppose 4*g + 3*l = 553, 0 = 4*g + l - 641 + o. Calculate the remainder when g is divided by 23.
21
Suppose 37*q = 258496 + 31806. Calculate the remainder when q is divided by 7.
6
Suppose -25 = -10*h + 5*h, -5*y + h + 180 = 0. Let i(f) = f**3 - 37*f**2 + f - 26. What is the remainder when i(y) is divided by 8?
3
Let u = -102 + 225. Let a(r) = 2*r**2 - 6*r - 4. Let t(f) = 5*f - 24. Let y be t(6). What is the remainder when u is divided by a(y)?
27
Calculate the remainder when 502 is divided by 36/108*(616 + 3 + 5).
86
Let u = -14 + 24. Let o(w) = 2894*w - 141805. Calculate the remainder when (12/u)/(1/5) is divided by o(49).
0
Let o = -59 - -64. Suppose 5*a = -o*c + 1100, 798 + 85 = 4*c + 3*a. What is the remainder when c is divided by 23?
16
Suppose -35 = 4*y + 13. Let h = -12 - y. Suppose -2*a + 236 + 178 = h. What is the remainder when a is divided by 42?
39
What is the remainder when ((12 + -23)/(-22))/((-1)/(-4346)) is divided by 18?
13
Let s(k) = -2*k**2 - 35*k - 4. Let p be s(-17). Calculate the remainder when (6/4)/(p/4238) is divided by 70.
69
Let f = 200 - -3. Suppose -2*u - 413 = -2*t - 5*u, -t = 5*u - f. What is the remainder when t is divided by 19?
18
Let n = 5272 - 5196. What is the remainder when 601 is divided by n?
69
Let m(y) = -3*y**2 - 1 - 4*y + 0*y + 8*y + 8*y**2. Suppose -4*l = -3*r - 55, 4*l + 0*r - 54 = 2*r. Calculate the remainder when m(-4) is divided by l.
11
Let c(u) = -11*u - 12. Suppose q + 0 = 3*p + 52, -4*q = -2*p - 208. Let t = q + -48. Calculate the remainder when c(-3) is divided by t.
1
Suppose 8*k - 125 = -7*k + 10*k. Let z be (1 + -3)/(3/(-57)). Let r = z - k. What is the remainder when r is divided by 4?
1
Suppose -213 + 28 = 2*m + 3*g, 3*m - g + 305 = 0. What is the remainder when 164 is divided by 25/m - (-122)/8?
14
Let j(r) = -r**3 + 3*r**2 + 4*r - 1. Let a be j(4). Let y(g) = -65*g - 15. Calculate the remainder when 106 is divided by y(a).
6
Calculate the remainder when 1276 is divided by 123250/375 + 2/6.
289
Calculate the remainder when 148 is divided by ((-17)/(-5) + -3)/(14192/(-1420) - -10).
6
Let k = 1919 - 1887. Calculate the remainder when 3773 is divided by k.
29
Suppose -475 = -2*n - 465. Suppose -350 - 107 = -4*i - 5*p, -4*p - 602 = -n*i. What is the remainder when i is divided by 18?
10
Suppose 17*t - 5*t - 784 = 308. What is the remainder when t is divided by 29?
4
Let p = -535 - -547. Calculate the remainder when 79 is divided by p.
7
Let b(f) = 13 - 60 - 20 - 3*f. What is the remainder when b(-42) is divided by 16?
11
Suppose 73 = h + 3*v, 0 = -2*h - 2*v + 99 + 55. What is the remainder when h is divided by 8?
7
Suppose 10 + 2 = 3*s. Let d(p) = -p**2 - 5*p - 4. Let a be d(-4). Suppose a*u - 40 = -s*u. What is the remainder when 17 is divided by u?
7
Let v = 247 + -140. Let j = v + -77. Calculate the remainder when 268 is divided by j.
28
Let n = 335 + -275. Let h = 432 + 47. What is the remainder when h is divided by n?
59
Let k(i) = -i**3 + i**2 + i. Let d(c) = 4*c**3 + 4*c**2 - 7*c - 13. Let h(r) = -d(r) - 3*k(r). What is the remainder when h(-8) is divided by 24?
21
Let h be 478/(-5) + 45/75. Let x = h + 65. Calculate the remainder when 22*9*(-5)/x is divided by 7.
5
Let o be (-2)/(-4)*(-40)/(-2). Suppose 10*g = 694 + 406. Suppose o + g = 4*f. Calculate the remainder when 89 is divided by f.
29
Suppose -p + 6 - 16 = -5*q, 0 = 2*p - 10. Let v(d) = 17*d - 19. What is the remainder when 60 is divided by v(q)?
28
Let h(m) be the second derivative of -13*m**3/6 - m**2/2 - 7*m. Let p(x) = 15*x - 311. Calculate the remainder when p(24) is divided by h(-2).
24
Let v(y) = -2*y**3 - 5*y**2 + 4*y + 10. Let i be v(-4). Suppose 0 = 5*w - 123 - i. Suppose 4*g - 21 = 15. Calculate the remainder when w is divided by g.
6
Suppose 0 = -9*o + 29*o - 480. Suppose 162 = 4*s + 2*q, s + 2*s - q = 119. What is the remainder when s is divided by o?
16
Let o be 18/(-99) + 554/22. Let z(s) = 20*s - 2. Let u be z(2). What is the remainder when 75 is divided by 1*u - (22 - o)?
34
Suppose -44*s = -5 + 262 - 1885. Calculate the remainder when (-719 - 1)/(6/(-4)) is divided by s.
36
Suppose -26 = 8*g + 161 - 27. Let k = -4 + 6. Calculate the remainder when (-105)/g - k/8 is divided by 4.
1
Suppose 0 = -2*s, -s - 15 = -4*c + 1. What is the remainder when 310 is divided by (-7*2/c)/((-26)/260)?
30
Let j = -23 - -22. Let c be (-99)/(-55) + j/(-5). Suppose -18 = c*k - 168. Calculate the remainder when k is divided by 16.
11
Suppose 2*w - 4 = -4*g, -2 = 4*g + 5*w + 6. Suppose -3*a - 5*o + 115 = 0, -5*o = -a - g*o + 20. Calculate the remainder when a is divided by 4.
2
Let o = 2648 + -1301. What is the remainder when o is divided by 71?
69
Let n = 3074 - 1101. Calculate the remainder when n is divided by 43.
38
Suppose 127 = -2*n - 159. Let i be ((-2)/6)/(12/(-252))*-6. What is the remainder when 52 is divided by 18/i + n/(-7)?
12
Let r = 43 + -25. Let u(p) be the first derivative of p**4/4 - 28*p**3/3 + 143*p**2/2 + 5*p + 320. What is the remainder when u(6) is divided by r?
17
Suppose 0 = 6*c + 481 - 5245. Let m = c - 774. Calculate the remainder when 86 is divided by m.
6
What is the remainder when 30/10*-2*(-2824)/(-48)*-11 is divided by 20?
3
Let b(s) = -738*s + 39982. Suppose 44 = -0*m + 4*m. Calculate the remainder when b(54) is divided by m.
9
Let q(c) = -7*c + 16. Let k be q(-4). Suppose -58 = -5*b + 27. Let o = k + b. What is the remainder when o is divided by 16?
13
Let h = -73 - -83. Let o be 32/48 - h/(-3). Suppose -d - 3*b - 1 = -o, 2 = -b. Calculate the remainder when 25 is divided by d.
7
Let r(t) = t**2 + 41*t - 879. What is the remainder when r(23) is divided by (1 - -66) + 2/(-2)?
65
Let a(w) = w**2 - 12*w + 69. Let p be (-1)/3 - (-224)/42. Let y(h) = -10*h - 1. What is the remainder when a(p) is divided by y(-1)?
7
Let j = 8 + 9. Suppose -4*n = w - j, 0 = n + 2*w - 5 - 1. Calculate the remainder when -2 + (-2)/n*-206 is divided by 26.
23
Calculate the remainder when (-2)/(-44)*4 - (-447420)/330 is divided by 19.
7
Let u be 10/(-3)*24/(-20). Suppose -5*o + u = -o. What is the remainder when 130 is divided by 8/(3 - o) - -18?
20
Let q(r) = 2828*r - 5556. What is the remainder when q(2) is divided by 26?
22
Suppose 6*h = 4*h + 38. Let c(n) = -n**2 - 17*n + 167. Let f be c(-24). Let x = h + f. What is the remainder when x is divided by 7?
4
Let z = 17 + -12. Let r(s) = -s**2 - 29*s + 4. Calculate the remainder when r(-3) is divided by (z/10)/((-1)/(-34)).
14
Let k = 29 - 2. Suppose 5*n - 5 = v, 3*v - 3*n + 1 = 2*v. Suppose v*o - k = 2*o. What is the remainder when 35 is divided by o?
8
Let j = 17469 + -17412. What is the remainder when 492 is divided by j?
36
Let g(y) = -9*y**3 - 748*y**2 - 83*y + 27. Calculate the remainder when 40 is divided by g(-83).
13
Suppose -5626 = -101*b + 3780 - 2235. What is the remainder when b is divided by (1/2)/((-3)/(-366))?
10
Let j(w) = 12*w + 74. Let t(q) = 2*q**2 - 20*q - 46. Calculate the remainder when t(12) is divided by j(-6).
0
Let n = 61 - 37. Suppose 4*k = 5350 - 2674. Calculate the remainder when k is divided by n.
21
Let z be (6